45 is divided by p?
13
Let u = 2 + 1. Let t(o) be the first derivative of o**2/2 + 10*o - 2. Calculate the remainder when t(-5) is divided by u.
2
Let z be 2*57 - (-7 + 4). Let s = z + -64. Suppose 0 = -0*m - m + s. Calculate the remainder when m is divided by 18.
17
Let d(g) = -g**3 - g**2 + 2*g + 1. Let u be d(-2). Let v(b) = b. Calculate the remainder when 3 is divided by v(u).
0
Suppose -17*a = -14*a - 42. Calculate the remainder when 54 is divided by a.
12
Let a = -8 + 12. Suppose 5*s - a*t - 79 = 0, -3*s - 1 = -2*s - 5*t. Let i = s + -11. Calculate the remainder when 30 is divided by i.
6
Let m = -35 + 77. Calculate the remainder when m is divided by 23.
19
Let i = 14 - 7. Calculate the remainder when (-131)/(-6) + i/42 is divided by 84/10 - 2/5.
6
Suppose -2*d - 117 = -5*o, -2*d - 11 = o - 44. What is the remainder when o is divided by 7?
4
Let a be 37/1*9/9. Let j = a + -23. Calculate the remainder when 39 is divided by j.
11
Let q(c) = 70*c**2 - c + 3. Let p be q(3). Suppose 0 = 3*y - 8*y + p. Calculate the remainder when y is divided by 32.
30
What is the remainder when 15 is divided by -2*120/(-25) + 2/5?
5
Suppose -4 = -5*i + 3*z - 2, -i = 4*z + 18. Let w(s) = -2*s + 2. Let h = 40 + -24. Calculate the remainder when h is divided by w(i).
4
Let x = 126 - 57. Calculate the remainder when x is divided by 5.
4
Let n be ((-1)/(-3))/((-4)/(-72)). What is the remainder when (96/10)/(n/20) is divided by 17?
15
Suppose 4*m = 19 + 17. Let x be 0 - 4/((-2)/2). Suppose 8*v - 3*v = x*b + 64, -2*v - 2*b + 40 = 0. Calculate the remainder when v is divided by m.
7
Let x = -132 - -249. Suppose -3*b - 5*q + 2*q = -x, 2*b - 78 = -4*q. What is the remainder when b is divided by 21?
18
Let u be 1*(-74)/6*-3. Let d = 98 - u. What is the remainder when d is divided by 16?
13
Let q = -3 - -6. Let c = 13 - q. What is the remainder when 37 is divided by c?
7
Let b = -28 + 28. Suppose -3 - 7 = -q - r, b = 3*q + 5*r - 40. What is the remainder when 23 is divided by q?
3
Suppose 5*f = -m - 2*m + 32, -2*f + 4 = -m. Calculate the remainder when 9 is divided by m.
1
Let d(b) = 29*b**2 + 6*b + 1. What is the remainder when d(-2) is divided by 27?
24
Calculate the remainder when 111 is divided by (-5 - -1 - -8) + 11.
6
Suppose -72 = -4*p + 4*m, 3*p - 16 - 40 = 5*m. Let w be 76 - ((-6 - -3) + 4). Let c = w - 10. What is the remainder when c is divided by p?
14
Let b(t) = -5*t + 58. Suppose 5*f = 4*w + 265, f + 3*w - 16 = 37. Calculate the remainder when f is divided by b(8).
17
Let o(m) = m**3 - 4*m + 3. Suppose 20 = 5*c - 5. Calculate the remainder when c is divided by o(2).
2
Suppose -2*v = -43 + 21. Calculate the remainder when 20 is divided by v.
9
Suppose -4*h - 5*j + 32 = 0, -2*j + 22 = 3*h - 9. Calculate the remainder when h is divided by (180/3)/5 + -5 + 0.
6
Suppose 0 = 4*x - 2*r - 72, -2*x = 3*r - 16 - 12. Suppose 0 = -d + 3*d - 130. Calculate the remainder when d is divided by x.
14
What is the remainder when (-57 + 3)*1*-1 is divided by -3 - 34*(-1)/2?
12
Let t = 8 - -73. Calculate the remainder when t is divided by 28.
25
Suppose 5*j = 33 - 8. Suppose 0 = u + 4 - 2. Calculate the remainder when j is divided by (u + -2)/(-2)*1.
1
Suppose k = 5*k, q - 2*k = 7. Calculate the remainder when (-3)/(-1) - q*-2 is divided by 6.
5
Let a(o) = -2*o + 1. Let t = 70 - -12. What is the remainder when t is divided by a(-10)?
19
Suppose 0 = -4*y - 2*i - 3*i + 53, y = -3*i + 8. Let t(r) = 5*r + 30. What is the remainder when t(7) is divided by y?
14
Let d = -45 - -78. Let r(l) = l + 4. Let y be r(-4). Suppose -5*f + 49 = 2*o, -48 = -3*o - y*o + f. Calculate the remainder when d is divided by o.
16
Let p = 8 + -5. Suppose -p*i - 265 = -4*v, 4*v - 243 - 17 = 4*i. Suppose 5*b - v = 3*b. What is the remainder when b is divided by 12?
11
Let l(u) = 5*u - 21. What is the remainder when 94 is divided by l(9)?
22
Suppose -5*m - 3*o = -25, 3*m + 10 = 5*m - 3*o. Let r = -3 + m. Suppose -39 + 13 = -r*x. Calculate the remainder when x is divided by 7.
6
Suppose -8*z + 50 = 2*z. Let a(w) = -2*w**3 - w + 1. Let s be a(1). Calculate the remainder when z is divided by (0 + 6)*(-1)/s.
2
Let f(i) = i**3 + 8*i**2 + 7*i + 7. Calculate the remainder when 11 is divided by f(-7).
4
Let c(g) = 3*g - 1. Let b be (-1)/(1 - 1 - 1). Let a be c(b). Suppose -3*m + 93 = -k + 4*k, -a = 2*m. What is the remainder when k is divided by 17?
15
Let o(m) = 2*m - 11. What is the remainder when o(11) is divided by 6?
5
Suppose 3*i - 3 = 0, k + 3*i - 34 = -i. Suppose 0 = v - 8 + 26. Let x = v + k. Calculate the remainder when x is divided by 7.
5
Let j be (2/(-4) - -1)*4. Suppose j*m - 3*m - 2*u + 23 = 0, -77 = -3*m - 4*u. Let o = 23 - 7. Calculate the remainder when m is divided by o.
15
Let o(y) be the third derivative of -y**4/12 + y**3 + 3*y**2. What is the remainder when 54 is divided by o(-4)?
12
Suppose 4*y - 5*m - 16 = 0, 0 = -4*y - 3*m + 6*m + 8. Calculate the remainder when 15 is divided by y/1*27/(-3).
6
Suppose 3*a - 3*y = 3, -y + 25 = 4*a + 2*y. Suppose a*j = -j + 165. What is the remainder when j is divided by 9?
6
Suppose -20 = -2*t - 3*t, -5*t + 420 = 2*a. Calculate the remainder when a is divided by 34.
30
Suppose x - 3*g - 43 = -2*g, -x + 53 = -3*g. Calculate the remainder when 6/4 + x/4 is divided by 6.
5
Suppose -336 = -0*d - 7*d. What is the remainder when d is divided by 14?
6
Let u = -2 + 5. Let l = u - -42. What is the remainder when l is divided by 12?
9
Let g(k) = 5*k**2 + 4*k + 8. What is the remainder when 39 is divided by g(-2)?
19
Suppose 2*f = -2*s + s + 21, 3*f - 119 = -5*s. What is the remainder when 90 is divided by s?
15
Let y = -21 + 41. Suppose 5 = 2*l - 17. Calculate the remainder when y is divided by l.
9
Let v = -40 + 64. Calculate the remainder when 94 is divided by v.
22
Let v(n) = -n**2 - 10*n - 9. Suppose -3 - 17 = 5*z + 2*h, 10 = 2*h. What is the remainder when 42 is divided by v(z)?
12
Calculate the remainder when 10 is divided by (18/21)/(2/7).
1
Let h(s) = 2*s**2 + 4*s - 5. Suppose 8 = t + t. Calculate the remainder when h(-4) is divided by t.
3
Let j(f) = -f**3 - 3*f**2 - f + 2. Let b be j(-2). Suppose 0*u + 5*u - 10 = b. Suppose 0 = -0*d - u*d + 32. What is the remainder when d is divided by 9?
7
Calculate the remainder when 92 + (1 + -3 - 0) is divided by 23.
21
Suppose 2*q + 401 = 4*c + 71, -5*q = 15. Let p = c + -48. What is the remainder when (p/(-22))/(2/(-32)) is divided by 13?
11
Let t = -12 - -47. Suppose -4*s = -2*s - 3*w - 20, -w = s. Suppose 0*u + 2*u + 5*y + 1 = 0, 33 = s*u + 3*y. Calculate the remainder when t is divided by u.
11
Let y be 1/(-5) + 6/5. Let f(q) = -2*q - 6. Calculate the remainder when 1 + -1 + y + 15 is divided by f(-6).
4
Let i be (-2 - -3)/((-4)/(-212)). Let z = i + -35. Calculate the remainder when z is divided by 10.
8
Calculate the remainder when 12 is divided by 10*(9/(-15) - -1).
0
Let d be (-436)/(-12) + 2/(-6). Suppose 3*a + 4 = p, 3*p + a - d = 2*a. Calculate the remainder when 1 + 1/(3/111) is divided by p.
12
Suppose 24 = 3*p - 54. Let m = -9 + 36. Suppose 3*t - 17 = -5*h, 2*h = -3*t + m - 4. Calculate the remainder when p is divided by t.
8
Suppose 0 = 5*f - 262 - 123. What is the remainder when f is divided by 16?
13
Let t be 2/(-12) + (-19)/(-6). Suppose 5*u + 10 = t*s, u + 0 = 2*s - 9. Calculate the remainder when 14 is divided by s.
4
Let h = 75 - 62. Calculate the remainder when 51 is divided by h.
12
Let g(x) = -x**3 - 2. Calculate the remainder when 22 is divided by g(-2).
4
Let f(i) = 5*i + 37. Calculate the remainder when f(7) is divided by 38.
34
What is the remainder when 6 is divided by -7*4/(-7)*1?
2
Suppose 0 = -4*c + 5*c - 26. Let p = -33 - -23. What is the remainder when c is divided by (14/(-5))/(2/p)?
12
Suppose 0*q - 107 = -3*d - 2*q, 0 = -2*q - 10. What is the remainder when d is divided by 14?
11
Let q = 16 - 7. Calculate the remainder when 49 is divided by q.
4
Let a = 50 - 16. What is the remainder when 135 is divided by a?
33
Let f(r) = r**3 - 8*r**2 - 7*r - 11. Calculate the remainder when 27 is divided by f(9).
6
Let s = -43 + 61. Let l be 3/2*(-2 + 4). Suppose -5*y = l*x - 5*x - 178, -x = 4. What is the remainder when y is divided by s?
16
Suppose 5*t - 11 = 4*l, 2 = t + l - 2. Suppose -